{"id":3707,"date":"2014-11-21T13:04:25","date_gmt":"2014-11-21T12:04:25","guid":{"rendered":"https:\/\/www.sonicdesign.ch\/?page_id=3707"},"modified":"2025-01-03T14:46:20","modified_gmt":"2025-01-03T13:46:20","slug":"kontakt","status":"publish","type":"page","link":"https:\/\/www.sonicdesign.ch\/shop\/kontakt\/","title":{"rendered":"KONTAKT"},"content":{"rendered":"<p>Wir haben ein physisches Gesch\u00e4ft in St.Gallen und sind zu \u00fcblichen Arbeitszeiten Mo &#8211; Fr anwesend. Sie k\u00f6nnen bei uns \u00fcblicherweise alle angebotenen Artikel anschauen, auf Wunsch testen und gleich mitnehmen gegen Bezahlung in bar oder per TWINT.<br \/>\nDa wir jedoch kein Ladengesch\u00e4ft im herk\u00f6mmlichen Sinn sind, sollten Sie <strong>immer vorg\u00e4ngig einen Termin mit uns vereinbaren<\/strong>, damit sicher die richtigen und f\u00fcr Ihre Anliegen kompetenten Ansprechpersonen im Hause sind.<\/p>\n<p>Nachstehend finden Sie alle Informationen, um mit uns in Kontakt treten zu k\u00f6nnen und unser B\u00fcro zu finden.<\/p>\n","protected":false},"excerpt":{"rendered":"<p>Wir haben ein physisches Gesch\u00e4ft in St.Gallen und sind zu \u00fcblichen Arbeitszeiten Mo &#8211; Fr anwesend. Sie k\u00f6nnen bei uns \u00fcblicherweise alle angebotenen Artikel anschauen, auf Wunsch testen und gleich mitnehmen gegen Bezahlung in bar oder per TWINT. Da wir jedoch kein Ladengesch\u00e4ft im herk\u00f6mmlichen Sinn sind, sollten Sie immer vorg\u00e4ngig einen Termin mit uns [&hellip;]<\/p>\n","protected":false},"author":2,"featured_media":0,"parent":0,"menu_order":2,"comment_status":"closed","ping_status":"open","template":"","meta":{"footnotes":""},"class_list":["post-3707","page","type-page","status-publish","hentry"],"_links":{"self":[{"href":"https:\/\/www.sonicdesign.ch\/shop\/wp-json\/wp\/v2\/pages\/3707","targetHints":{"allow":["GET"]}}],"collection":[{"href":"https:\/\/www.sonicdesign.ch\/shop\/wp-json\/wp\/v2\/pages"}],"about":[{"href":"https:\/\/www.sonicdesign.ch\/shop\/wp-json\/wp\/v2\/types\/page"}],"author":[{"embeddable":true,"href":"https:\/\/www.sonicdesign.ch\/shop\/wp-json\/wp\/v2\/users\/2"}],"replies":[{"embeddable":true,"href":"https:\/\/www.sonicdesign.ch\/shop\/wp-json\/wp\/v2\/comments?post=3707"}],"version-history":[{"count":4,"href":"https:\/\/www.sonicdesign.ch\/shop\/wp-json\/wp\/v2\/pages\/3707\/revisions"}],"predecessor-version":[{"id":6461,"href":"https:\/\/www.sonicdesign.ch\/shop\/wp-json\/wp\/v2\/pages\/3707\/revisions\/6461"}],"wp:attachment":[{"href":"https:\/\/www.sonicdesign.ch\/shop\/wp-json\/wp\/v2\/media?parent=3707"}],"curies":[{"name":"wp","href":"https:\/\/api.w.org\/{rel}","templated":true}]}}