{"id":6042,"date":"2020-07-24T16:38:32","date_gmt":"2020-07-24T14:38:32","guid":{"rendered":"https:\/\/www.sonicdesign.ch\/shop\/?page_id=6042"},"modified":"2025-01-03T14:15:05","modified_gmt":"2025-01-03T13:15:05","slug":"stay-tuned","status":"publish","type":"page","link":"https:\/\/www.sonicdesign.ch\/shop\/stay-tuned\/","title":{"rendered":"STAY TUNED!"},"content":{"rendered":"<p><strong>Bleiben Sie informiert!<\/strong><br \/>\nUnser Webshop soll dynamisch sein und es werden auch laufend aktualisierte, exklusive Aktionsangebote hier publiziert. Dabei beschr\u00e4nken wir uns auf n\u00fctzliche, relevante und professionelle Produkte im Bereich der AV- oder Veranstaltungstechnik f\u00fcr Musiker, Techniker oder Betreiber von entsprechenden Anlagen (Veranstaltungsr\u00e4ume, Kirchgemeinden, Clubs, Meeting-Locations,&nbsp; Schulen etc.).<br \/>\nWir werden Sie (h\u00f6chstens einmal pro Monat) per e-mail \u00fcber neue hinzugekommene Angebote in diesem Webshop informieren, wenn Sie sich untenstehend eintragen:<\/p>\n<p><script src=\"https:\/\/www.google.com\/recaptcha\/api.js\"><\/script><\/p>\n<form accept-charset=\"utf-8\" action=\"https:\/\/newsletter.goeast.cloud\/subscribe\" method=\"POST\"><label for=\"name\">Name<\/label><br \/>\n<input id=\"name\" name=\"name\" type=\"text\"><\/p>\n<p><label for=\"Vorname\">Vorname<\/label><br \/>\n<input id=\"Vorname\" name=\"Vorname\" type=\"text\"><\/p>\n<p><label for=\"email\">Email<\/label><br \/>\n<input id=\"email\" name=\"email\" type=\"email\"><\/p>\n<p><label for=\"Geschlecht\">Geschlecht (m\/w\/n)<\/label><br \/>\n<input id=\"Geschlecht\" name=\"Geschlecht\" type=\"text\"><\/p>\n<p><nobr> <input id=\"gdpr\" name=\"gdpr\" type=\"checkbox\">&nbsp; Zustimmung zur Kontaktaufnahme <\/nobr><br \/>\nHiermit erteile ich meine Zustimmung, mit mir per E-Mail in Kontakt zu treten und die in diesem Formular gemachten Angaben f\u00fcr News, Updates und zu Marketingzwecken zu verwenden.<br \/>\nWenn Sie Ihre Zustimmung widerrufen und keine weiteren Informationen mehr von uns erhalten m\u00f6chten, klicken Sie einfach auf den Link zum Abbestellen am Ende jeder von uns gesendeten E-Mail oder kontaktieren Sie uns unter <a href=\"mailto:newsletter@lists.sonicdesign.ch\" target=\"_blank\" rel=\"noopener noreferrer\">newsletter@lists.sonicdesign.ch<\/a>. Wir sch\u00e4tzen und respektieren Ihre pers\u00f6nlichen Daten und Ihre Privatsph\u00e4re. Um unsere Datenschutzrichtlinie einzusehen, besuchen Sie bitte unsere <a href=\"https:\/\/www.sonicdesign.ch\/datenschutz\" target=\"_blank\" rel=\"noopener noreferrer\">Website<\/a>. Mit dem Absenden dieses Formulars erkl\u00e4ren Sie sich damit einverstanden, dass wir Ihre Daten in \u00dcbereinstimmung mit diesen Bedingungen verarbeiten.<br \/>\n<em>I give my consent to to be in touch with me via email using the information I have provided in this form for the purpose of news, updates and marketing. <\/em><br \/>\n<em>If you wish to withdraw your consent and stop hearing from us, simply click the unsubscribe link at the bottom of every email we send or contact us at <a href=\"mailto:newsletter@lists.sonicdesign.ch\" target=\"_blank\" rel=\"noopener noreferrer\">newsletter@lists.sonicdesign.ch<\/a>. We value and respect your personal data and privacy. To view our privacy policy, please visit our <a href=\"https:\/\/www.sonicdesign.ch\/datenschutz\" target=\"_blank\" rel=\"noopener noreferrer\">website<\/a>. By submitting this form, you agree that we may process your information in accordance with these terms.<\/em><\/p>\n<p class=\"g-recaptcha\" data-sitekey=\"6LfsoLUZAAAAAOyZOSzgosqHtZ8IGYIu0b-uTy9a\">\n<div style=\"display:none;\">\n\t<label for=\"hp\">HP<\/label><br \/>\n<input type=\"text\" name=\"hp\" id=\"hp\"><\/div>\n<p><input type=\"hidden\" name=\"list\" value=\"kStUghdhfDxI5J3n6uEQYg\"><br \/>\n<input type=\"hidden\" name=\"subform\" value=\"yes\"><br \/>\n<input type=\"submit\" name=\"submit\" id=\"submit\"><br \/>\n<\/form>\n","protected":false},"excerpt":{"rendered":"<p>Bleiben Sie informiert! Unser Webshop soll dynamisch sein und es werden auch laufend aktualisierte, exklusive Aktionsangebote hier publiziert. Dabei beschr\u00e4nken wir uns auf n\u00fctzliche, relevante und professionelle Produkte im Bereich der AV- oder Veranstaltungstechnik f\u00fcr Musiker, Techniker oder Betreiber von entsprechenden Anlagen (Veranstaltungsr\u00e4ume, Kirchgemeinden, Clubs, Meeting-Locations,&nbsp; Schulen etc.). Wir werden Sie (h\u00f6chstens einmal pro Monat) [&hellip;]<\/p>\n","protected":false},"author":2,"featured_media":0,"parent":0,"menu_order":0,"comment_status":"closed","ping_status":"closed","template":"","meta":{"footnotes":""},"class_list":["post-6042","page","type-page","status-publish","hentry"],"_links":{"self":[{"href":"https:\/\/www.sonicdesign.ch\/shop\/wp-json\/wp\/v2\/pages\/6042","targetHints":{"allow":["GET"]}}],"collection":[{"href":"https:\/\/www.sonicdesign.ch\/shop\/wp-json\/wp\/v2\/pages"}],"about":[{"href":"https:\/\/www.sonicdesign.ch\/shop\/wp-json\/wp\/v2\/types\/page"}],"author":[{"embeddable":true,"href":"https:\/\/www.sonicdesign.ch\/shop\/wp-json\/wp\/v2\/users\/2"}],"replies":[{"embeddable":true,"href":"https:\/\/www.sonicdesign.ch\/shop\/wp-json\/wp\/v2\/comments?post=6042"}],"version-history":[{"count":38,"href":"https:\/\/www.sonicdesign.ch\/shop\/wp-json\/wp\/v2\/pages\/6042\/revisions"}],"predecessor-version":[{"id":6119,"href":"https:\/\/www.sonicdesign.ch\/shop\/wp-json\/wp\/v2\/pages\/6042\/revisions\/6119"}],"wp:attachment":[{"href":"https:\/\/www.sonicdesign.ch\/shop\/wp-json\/wp\/v2\/media?parent=6042"}],"curies":[{"name":"wp","href":"https:\/\/api.w.org\/{rel}","templated":true}]}}